s of 38807912.
2, 11, 13, 33923
What are the prime factors of 4377583?
7, 625369
What are the prime factors of 110237?
110237
What are the prime factors of 770882?
2, 7, 17, 41, 79
List the prime factors of 2344411.
113, 20747
What are the prime factors of 238045?
5, 47609
List the prime factors of 51984.
2, 3, 19
List the prime factors of 191027.
191027
List the prime factors of 4087895.
5, 7, 116797
List the prime factors of 2252469.
3, 19, 43, 919
What are the prime factors of 3647544?
2, 3, 19, 421
List the prime factors of 1920800.
2, 5, 7
List the prime factors of 382363.
382363
What are the prime factors of 543117?
3, 181039
List the prime factors of 28161330.
2, 3, 5, 31, 107, 283
What are the prime factors of 486451?
7, 69493
List the prime factors of 34248990.
2, 3, 5, 1141633
List the prime factors of 585747.
3, 37, 1759
List the prime factors of 2150944.
2, 67217
What are the prime factors of 352927?
53, 6659
List the prime factors of 6802703.
17, 19, 21061
What are the prime factors of 1142527?
19, 60133
What are the prime factors of 2495120?
2, 5, 31189
List the prime factors of 249802.
2, 7, 2549
List the prime factors of 243213.
3, 81071
List the prime factors of 6470784.
2, 3, 41, 137
List the prime factors of 163170.
2, 3, 5, 7, 37
What are the prime factors of 18748183?
173, 307, 353
List the prime factors of 341277.
3, 113759
What are the prime factors of 331901?
61, 5441
List the prime factors of 6078500.
2, 5, 12157
What are the prime factors of 34099331?
7, 17, 29, 41, 241
List the prime factors of 4969733.
41, 47, 2579
List the prime factors of 11102577.
3, 151, 24509
What are the prime factors of 655759?
13, 73, 691
What are the prime factors of 235778?
2, 117889
List the prime factors of 200878.
2, 47, 2137
List the prime factors of 86891.
7, 12413
What are the prime factors of 552705?
3, 5, 36847
What are the prime factors of 1546180?
2, 5, 97, 797
List the prime factors of 6858138.
2, 3, 7, 23327
What are the prime factors of 153720?
2, 3, 5, 7, 61
List the prime factors of 428970.
2, 3, 5, 79, 181
List the prime factors of 337981.
7, 53, 911
What are the prime factors of 71742?
2, 3, 11, 1087
What are the prime factors of 698394?
2, 3, 17, 41, 167
List the prime factors of 809345.
5, 161869
What are the prime factors of 43018?
2, 137, 157
List the prime factors of 5208067.
691, 7537
What are the prime factors of 3221118?
2, 3, 178951
List the prime factors of 3497265.
3, 5, 23, 31, 109
List the prime factors of 8372539.
7, 1196077
What are the prime factors of 539981?
13, 73, 569
List the prime factors of 646139.
13, 23, 2161
What are the prime factors of 4797738?
2, 3, 11, 41, 197
List the prime factors of 131470.
2, 5, 13147
What are the prime factors of 271428?
2, 3, 22619
What are the prime factors of 1574444?
2, 393611
What are the prime factors of 52141?
23, 2267
What are the prime factors of 584957?
563, 1039
What are the prime factors of 821635?
5, 101, 1627
What are the prime factors of 446823?
3, 13, 19, 67
What are the prime factors of 120549?
3, 11, 13, 281
List the prime factors of 100834.
2, 50417
What are the prime factors of 3008433?
3, 37, 27103
List the prime factors of 1846592.
2, 11, 43, 61
List the prime factors of 122218.
2, 53, 1153
List the prime factors of 228360.
2, 3, 5, 11, 173
What are the prime factors of 27439?
23, 1193
What are the prime factors of 122847?
3, 40949
List the prime factors of 639111.
3, 11, 107, 181
What are the prime factors of 5078407?
53, 95819
List the prime factors of 258869.
13, 19913
List the prime factors of 1613018.
2, 11, 157, 467
List the prime factors of 1210594.
2, 7, 11, 1123
What are the prime factors of 9060058?
2, 7, 647147
What are the prime factors of 56198?
2, 28099
What are the prime factors of 12313012?
2, 137, 22469
List the prime factors of 570261.
3, 433, 439
What are the prime factors of 610336?
2, 19073
What are the prime factors of 1642045?
5, 349, 941
List the prime factors of 5891419.
5891419
What are the prime factors of 1227692?
2, 53, 5791
What are the prime factors of 4183941?
3, 373, 3739
What are the prime factors of 108835?
5, 21767
What are the prime factors of 1961412?
2, 3, 79, 2069
List the prime factors of 2532231.
3, 13, 23, 941
List the prime factors of 823158.
2, 3, 7, 47, 139
What are the prime factors of 2375400?
2, 3, 5, 37, 107
What are the prime factors of 210593?
197, 1069
List the prime factors of 1014599.
23, 31, 1423
What are the prime factors of 583598?
2, 103, 2833
What are the prime factors of 395963?
31, 53, 241
List the prime factors of 4712540.
2, 5, 7, 41, 821
What are the prime factors of 596464?
2, 11, 3389
What are the prime factors of 4012329?
3, 1337443
What are the prime factors of 859893?
3, 41, 6991
List the prime factors of 530245.
5, 173, 613
What are the prime factors of 180365?
5, 36073
What are the prime factors of 62843?
11, 29, 197
List the prime factors of 547505.
5, 7, 15643
List the prime factors of 613620.
2, 3, 5, 7, 487
What are the prime factors of 49265?
5, 59, 167
What are the prime factors of 1165204?
2, 37, 7873
What are the prime factors of 180427?
13, 13879
List the prime factors of 204428.
2, 7, 149
List the prime factors of 5310324.
2, 3, 17, 8677
List the prime factors of 19064986.
2, 47, 127, 1597
What are the prime factors of 1093111?
1093111
List the prime factors of 184783.
257, 719
What are the prime factors of 2149022?
2, 1074511
List the prime factors of 3542111.
89, 39799
What are the prime factors of 8252575?
5, 330103
List the prime factors of 2773067.
11, 29, 8693
List the prime factors of 628928.
2, 31, 317
What are the prime factors of 257365?
5, 51473
What are the prime factors of 3917584?
2, 11, 22259
What are the prime factors of 971741?
41, 137, 173
What are the prime factors of 11403246?
2, 3, 1900541
What are the prime factors of 59440?
2, 5, 743
List the prime factors of 315861.
3, 7, 13, 89
What are the prime factors of 6888125?
5, 103, 107
What are the prime factors of 393610?
2, 5, 7, 5623
List the prime factors of 5936952.
2, 3, 7, 35339
What are the prime factors of 30893?
30893
What are the prime factors of 8157732?
2, 3, 11, 23, 2687
What are the prime factors of 28924119?
3, 7, 459113
What are the prime factors of 2663609?
13, 15761
List the prime factors of 23327594.
2, 79, 191, 773
What are the prime factors of 156402?
2, 3, 8689
What are the prime factors of 898679?
23, 41, 953
What are the prime factors of 5144960?
2, 5, 8039
What are the prime factors of 3714009?
3, 13, 95231
What are the prime factors of 2843648?
2, 2777
What are the prime factors of 10500989?
191, 54979
List the prime factors of 2203768.
2, 7, 23, 29, 59
What are the prime factors of 20820327?
3, 11, 630919
What are the prime factors of 2155531?
7, 19, 853
List the prime factors of 55143.
3, 11, 557
What are the prime factors of 5017333?
1277, 3929
What are the prime factors of 2469249?
3, 274361
List the prime factors of 91599.
3, 19, 1607
List the prime factors of 2474693.
13, 19, 43, 233
What are the prime factors of 365427?
3, 19, 2137
What are the prime factors of 5460386?
2, 37, 113, 653
List the prime factors of 92356.
2, 11, 2099
List the prime factors of 3961176.
2, 3, 165049
What are the prime factors of 259029?
3, 17, 1693
List the prime factors of 995285.
5, 67, 2971
What are the prime factors of 200735?
5, 19, 2113
What are the prime factors of 8081287?
8081287
List the prime factors of 1341807.
3, 41, 10909
List the prime factors of 1101676.
2, 275419
List the prime factors of 15326114.
2, 239, 32063
List the prime factors of 3878319.
3, 61, 21193
What are the prime factors of 133806?
2, 3, 29, 769
What are the prime factors of 266770?
2, 5, 7, 37, 103
What are the prime factors of 3602631?
3, 89, 103, 131
List the prime factors of 85816.
2, 17, 631
List the prime factors of 93905.
5, 7, 2683
List the prime factors of 1782658.
2, 891329
List the prime factors of 12362916.
2, 3, 347, 2969
What are the prime factors of 2858068?
2, 714517
List the prime factors of 12787594.
2, 6393797
List the prime factors of 265044.
2, 3, 13, 1699
What are the prime factors of 115304?
2, 7, 29, 71
What are the prime factors of 5856587?
11, 532417
What are the prime factors of 